 divide 56088?
True
Is 256 a factor of 21425899?
False
Does 37 divide 2599546?
True
Does 109 divide 277732?
True
Is 230289 a multiple of 117?
False
Is 320064 a multiple of 32?
True
Does 83 divide 1002046?
False
Is 9 a factor of 113130?
True
Is 113820 a multiple of 105?
True
Does 539 divide 1234310?
True
Is 226920 a multiple of 61?
True
Is 869596 a multiple of 364?
True
Is 89 a factor of 657977?
True
Is 236 a factor of 102917?
False
Does 202 divide 221594?
True
Is 961454 a multiple of 19?
False
Does 52 divide 4351776?
True
Does 7 divide 337193?
False
Does 238 divide 6230126?
True
Does 56 divide 284617?
False
Is 154 a factor of 1204791?
False
Is 67 a factor of 18363025?
True
Does 8 divide 6747?
False
Is 103690 a multiple of 10?
True
Does 255 divide 322884?
False
Is 382 a factor of 1720442?
False
Is 5 a factor of 5791?
False
Does 12 divide 1730856?
True
Does 205 divide 82205?
True
Does 10 divide 1674628?
False
Is 24337 a multiple of 6?
False
Is 15 a factor of 1089120?
True
Is 50 a factor of 3700900?
True
Is 463195 a multiple of 58?
False
Does 7 divide 93444?
False
Is 13739668 a multiple of 109?
True
Is 37155533 a multiple of 11?
False
Does 144 divide 1273248?
True
Does 69 divide 549265?
False
Is 186950 a multiple of 56?
False
Is 649 a factor of 1367861?
False
Does 79 divide 505837?
True
Is 113 a factor of 353690?
True
Is 108794 a multiple of 7?
True
Does 38 divide 325941?
False
Does 27 divide 6964?
False
Is 55 a factor of 15693?
False
Is 5 a factor of 30217?
False
Is 48 a factor of 7362245?
False
Is 307 a factor of 1685452?
False
Is 30096 a multiple of 12?
True
Is 2 a factor of 22983?
False
Is 465276 a multiple of 14?
True
Does 49 divide 118139?
True
Is 7266567 a multiple of 870?
False
Is 48689 a multiple of 28?
False
Does 145 divide 462633?
False
Is 28911 a multiple of 4?
False
Is 416 a factor of 199264?
True
Is 154950 a multiple of 15?
True
Is 357485 a multiple of 76?
False
Is 10 a factor of 280594?
False
Does 95 divide 48283?
False
Does 8 divide 1823360?
True
Is 190703 a multiple of 12?
False
Is 6 a factor of 563865?
False
Does 438 divide 1032444?
False
Is 46 a factor of 249320?
True
Is 678270 a multiple of 230?
True
Is 5452040 a multiple of 440?
True
Is 2848343 a multiple of 59?
True
Does 227 divide 273762?
True
Is 6 a factor of 356629?
False
Is 30744 a multiple of 8?
True
Is 436342 a multiple of 880?
False
Does 50 divide 385216?
False
Is 31 a factor of 763220?
True
Does 5 divide 42267?
False
Is 1720205 a multiple of 150?
False
Is 162 a factor of 313308?
True
Does 75 divide 1021200?
True
Is 6337080 a multiple of 95?
False
Is 54019 a multiple of 4?
False
Is 624840 a multiple of 38?
False
Is 9 a factor of 292392?
True
Does 215 divide 1543714?
False
Is 97984 a multiple of 32?
True
Is 742 a factor of 1019508?
True
Is 16 a factor of 155706?
False
Is 592524 a multiple of 302?
True
Is 7478080 a multiple of 320?
True
Does 123 divide 204870?
False
Does 80 divide 140080?
True
Is 25 a factor of 327800?
True
Is 365 a factor of 76285?
True
Is 643104 a multiple of 638?
True
Does 5 divide 16677605?
True
Is 122681 a multiple of 22?
False
Does 976 divide 15710672?
True
Is 2597629 a multiple of 566?
False
Does 9 divide 23526?
True
Is 2118023 a multiple of 185?
False
Is 9 a factor of 103996?
False
Is 35 a factor of 1101086?
False
Is 113 a factor of 1137232?
True
Is 365 a factor of 10948716?
False
Is 256 a factor of 732079?
False
Is 86 a factor of 4398945?
False
Does 11 divide 68024?
True
Is 4 a factor of 342?
False
Is 13 a factor of 2641704?
True
Does 4 divide 1132263?
False
Does 295 divide 294410?
True
Is 39 a factor of 103545?
True
Is 67 a factor of 948794?
False
Is 168141 a multiple of 25?
False
Does 480 divide 582641?
False
Is 26 a factor of 21996?
True
Is 1360700 a multiple of 21?
False
Does 3 divide 13770?
True
Does 5 divide 164414?
False
Is 181549 a multiple of 242?
False
Is 20 a factor of 373054?
False
Does 14 divide 1145718?
True
Is 245115 a multiple of 65?
True
Does 22 divide 297283?
False
Is 833 a factor of 1304906?
False
Does 9 divide 429646?
False
Is 18 a factor of 226065?
False
Does 312 divide 8688888?
True
Does 15 divide 12640977?
False
Is 1221 a factor of 10667877?
True
Is 2 a factor of 2019008?
True
Does 87 divide 5849245?
False
Is 321986 a multiple of 28?
False
Does 20 divide 543355?
False
Is 12729933 a multiple of 61?
False
Is 13 a factor of 54380?
False
Does 826 divide 8620790?
False
Is 10 a factor of 1310610?
True
Is 14 a factor of 508746?
True
Is 182580 a multiple of 34?
True
Does 47 divide 309229?
False
Is 18 a factor of 1189437?
False
Is 24 a factor of 81528?
True
Is 15336 a multiple of 138?
False
Is 13 a factor of 548938?
True
Does 833 divide 620585?
True
Does 8 divide 223672?
True
Does 75 divide 628425?
True
Is 9 a factor of 82980?
True
Is 56118 a multiple of 8?
False
Is 30968 a multiple of 4?
True
Is 161322 a multiple of 161?
True
Is 79 a factor of 3311774?
False
Does 19 divide 441541?
True
Is 4061331 a multiple of 179?
True
Is 237 a factor of 1162011?
True
Does 272 divide 559734?
False
Is 5867370 a multiple of 15?
True
Is 66 a factor of 754835?
False
Does 5 divide 4887950?
True
Is 89022 a multiple of 37?
True
Is 220197 a multiple of 77?
False
Does 231 divide 2723721?
True
Is 11466 a multiple of 26?
True
Is 33 a factor of 189420?
True
Does 31 divide 641546?
False
Is 103530 a multiple of 21?
True
Does 13 divide 1241139?
False
Is 4550371 a multiple of 20?
False
Is 5916 a multiple of 17?
True
Is 42 a factor of 79664?
False
Is 1493953 a multiple of 29?
False
Is 630 a factor of 9756810?
True
Is 532376 a multiple of 52?
True
Does 25 divide 210400?
True
Is 44 a factor of 115566?
False
Is 28040 a multiple of 40?
True
Is 24 a factor of 765840?
True
Is 295889 a multiple of 588?
False
Does 56 divide 155086?
False
Is 5710436 a multiple of 79?
True
Is 14289853 a multiple of 31?
True
Is 81 a factor of 591787?
False
Does 18 divide 229690?
False
Is 18 a factor of 11438574?
False
Does 13 divide 126360?
True
Is 467 a factor of 11536816?
False
Is 117720 a multiple of 9?
True
Does 93 divide 219907?
False
Is 2660 a multiple of 24?
False
Is 238 a factor of 863791?
False
Is 51 a factor of 7930546?
False
Does 20 divide 89400?
True
Is 957933 a multiple of 490?
False
Is 8 a factor of 205784?
True
Is 195 a factor of 2008500?
True
Is 3312041 a multiple of 15?
False
Is 7 a factor of 43295?
True
Is 621 a factor of 1641710?
False
Is 308476 a multiple of 28?
True
Is 201152 a multiple of 898?
True
Does 307 divide 50348?
True
Does 332 divide 2675675?
False
Is 22000 a multiple of 125?
True
Does 260 divide 1973280?
False
Is 86592 a multiple of 66?
True
Is 1147662 a multiple of 802?
True
Is 488 a factor of 2323542?
False
Is 10 a factor of 383401?
False
Is 20090976 a multiple of 1256?
True
Is 1467787 a multiple of 298?
False
Is 434 a factor of 11565226?
False
Does 85 divide 802396?
False
Is 28 a factor of 906276?
True
Is 9996960 a multiple of 472?
True
Is 257104 a multiple of 16?
True
Is 4 a factor of 8348?
True
Is 4 a factor of 44708?
True
Is 179 a factor of 71600?
True
Does 4 divide 18977?
False
Is 107428 a multiple of 251?
True
Is 32 a factor of 576827?
False
Is 233414 a multiple of 5?
False
Is 657000 a multiple of 43?
False
Is 17500224 a multiple of 56?
True
Does 625 divide 5491875?
True
Is 647 a factor of 566125?
True
Does 9 divide 1050183?
True
Is 1045820 a multiple of 5?
True
Is 849884 a multiple of 23?
False
Does 16 divide 428576?
True
Is 43371 a multiple of 156?
False
Is 39 a factor of 2275636?
False
Does 389 divide 124809?
False
Is 4139516 a multiple of 22?
False
Does 9 divide 148401?
True
Is 362400 a multiple of 160?
True
Is 23442144 a multiple of 2607?
True
Is 11872 a multiple of 8?
True
Is 66 a factor of 212816?
False
Is 258 a factor of 418937?
False
Is 11 a factor of 67835?
False
Is 18563 a multiple of 5?
False
Is 11138325 a multiple of 587?
True
Is 8 a factor of 7432?
True
Is 2568747 a multiple of 4?
False
Is 6174069 a multiple of 473?
True
Is 346392 a multiple of 24?
True
Is 1433406 a multiple of 221?
True
Does 7 divide 284424?
True
Is 18 a factor of 6005430?
True
Does 128 divide 196878?
False
Does 148 divide 153090?
False
Does 25 divide 319175?
True
Is 495 a factor of 9599040?
True
Does 19 divide 583435?
False
Does 226 divide 253346?
True
Is 11601469